9. Is g composite?
False
Suppose 5*d - 2*s = 2292, 2*d + 0*d - 4*s - 920 = 0. Suppose 0 = -3*b - 5*r + d, b - 304 = -b - 3*r. Is b composite?
True
Suppose 2*u = -3*u - 800. Let h = -73 - 374. Let d = u - h. Is d composite?
True
Let g(p) = 11*p**3 + 30*p**2 - 10*p - 23. Is g(12) a composite number?
True
Suppose -k = -5, 3*k + 9 = -f - f. Is 1090/(-4)*f/30 a prime number?
True
Suppose 705934 = -30*j + 1972384. Is j a composite number?
True
Let q = 57 - 12. Is 1651/5 + 36/q a prime number?
True
Let w = 3009 + -404. Is w a composite number?
True
Let h(d) = d**3 - 32*d**2 - 20*d + 24. Is h(35) composite?
False
Is 9104/10 + (-2)/(30/(-9)) composite?
False
Let r = 13951 + -5346. Is r composite?
True
Let c(a) = a**3 + 16*a**2 - 14*a - 12. Suppose 0 = 3*l - 4 + 7. Let s be -13 - (l - (-1 + 0)). Is c(s) prime?
True
Is 140/(-100) - (-3572)/5 a composite number?
True
Suppose 0 = 5*u + 5*f - 1375, 3*u = 4*f + 432 + 372. Let h = u - 21. Is h a composite number?
False
Let m = -56356 + 94727. Is m composite?
False
Let h be (-3)/9*(-13)/(52/408). Suppose -i = 2*i - 195. Let t = i - h. Is t a prime number?
True
Suppose -405*x = -418*x + 124631. Is x composite?
False
Suppose -4*r + 28 = -4. Let t(d) = -4 + 4*d + 5 + d**3 + 4 - 8*d**2. Is t(r) composite?
False
Let n be (-1 - -61)/4 + 3. Let p(i) = 16*i**2 + 13*i - 29. Is p(n) prime?
False
Suppose -2*w - 1969 = 5*b, -4*w = w - b + 4990. Let c = 1836 + w. Is c prime?
True
Let q(j) = 99*j - 59. Is q(8) a composite number?
False
Let k(z) be the third derivative of z**4/8 + 3*z**3/2 - 6*z**2. Let a be k(-6). Let s(u) = 6*u**2 - 9*u - 10. Is s(a) prime?
True
Suppose -2*a + 5 - 7 = 0. Let q(x) = -250*x**3 - 4*x - 3. Is q(a) prime?
True
Suppose -5746 = -q + 17*x - 20*x, 5*x + 15 = 0. Is q a composite number?
True
Let r(x) = -x**2 - 6*x + 2. Let u be r(-6). Suppose 4*b + 2*l - 5192 - 2028 = 0, 5*l = -u*b + 3594. Is b prime?
False
Let y = -5510 - -8271. Is y a prime number?
False
Let v be (-4 + 4)*(0 + -1)/(-1). Suppose -q - 4*q + 1325 = v. Is q prime?
False
Let j = -77 - -52. Let k = j + 27. Suppose k*v = 4*v - 230. Is v prime?
False
Suppose a - 4*a + 3*m + 3552 = 0, -4*m + 2380 = 2*a. Is a composite?
True
Let i(u) = 5*u**2 + 106*u + 4. Is i(-31) prime?
True
Suppose -7 = -3*v - 10. Suppose 3*w + 15 = -3*u, 5*w - 5 = 5*u - 0. Is 176 - (v + w - 0) a prime number?
True
Suppose 12957 + 100949 = 26*k. Is k prime?
False
Let y(p) = p**2 + 4*p - 17. Let h be y(-7). Let j = -6 + 9. Suppose 5*l - l = -2*q + 92, -h*q = -j*l - 184. Is q a prime number?
False
Suppose 0 = 2*f + 5*v - 2621, 2*v + 5307 = 4*f - v. Let k = 1904 - f. Is k composite?
True
Let r be (-2)/(-4) - 10/(-8)*2. Is 164*r + (-2)/(-2) a prime number?
False
Suppose -29*b = -7*b - 10318. Is b composite?
True
Suppose 8*r - 9*r + 163 = 0. Let a = r + -86. Is a prime?
False
Suppose -7*w - 168 = -10*w. Suppose 3*y + w = -y. Is (-11228)/y*1/2 a prime number?
True
Suppose 0 = l - 3*v, 0 = -4*l + 2*l - v. Let k be 3 - -2*1 - 0. Suppose l = -4*a + 5*b + 43 + 33, -k*a = 4*b - 54. Is a prime?
False
Let g be (-20 + 19)*(-7 + 0). Suppose 4*h = 8, g*j - 2*j - 1601 = -3*h. Is j prime?
False
Is ((-3)/4)/3 - (-6105)/20 prime?
False
Let n be 6/(-27) - (-2)/9. Suppose 4*s - v - 1872 = -2*v, n = s - 4*v - 451. Is s composite?
False
Let y = -68 + 64. Is ((-3128)/12)/(y/6) a composite number?
True
Let o(l) = -l**2 + 7*l + 13. Suppose 11*c = 12*c - 7. Let z be o(c). Suppose 18*i - z*i - 1055 = 0. Is i prime?
True
Let w be -1*(-12)/(-20)*-5. Suppose 0 = 3*r - w*q - 3645, -3669 = 3*r - 6*r - 3*q. Suppose r = 4*c + 375. Is c composite?
False
Suppose 14*c = 18*c - 3212. Let m = 224 - 632. Let x = c + m. Is x a composite number?
True
Let k(s) = 35*s - 64. Let t be k(9). Let w = -189 + 65. Let n = t + w. Is n prime?
True
Let x(s) = 10*s**2 - 17*s - 5. Is x(-12) a prime number?
False
Let g(i) = -966*i**3 + 2*i**2 + 7*i + 6. Is g(-1) a composite number?
False
Suppose -2*y = 3*y + 150. Let b = y + 125. Suppose -74 = -l + b. Is l composite?
True
Suppose 3*s - 5*j + 4 = -13, -s + 5 = j. Let z(k) = 3822*k**3 + k**2 - 2. Is z(s) a composite number?
False
Suppose 0 = -9*d + 7*d - 2*d. Let b(x) = -3*x. Let j be b(-5). Suppose 3*g - j - 366 = d. Is g a prime number?
True
Let w be 0/2 + (4 - 4). Suppose x = -w*x + 3. Is 51 + -1*(x + -1) prime?
False
Let v = -35 + 11. Let p = v + 27. Is p prime?
True
Let q = 12742 + -8789. Is q prime?
False
Let r = 2641 - 1837. Let x = r - 1160. Let a = 625 + x. Is a composite?
False
Suppose -1675 = 15*f - 6070. Is f a prime number?
True
Let l be (-2 - (2 - -10))*-2. Let b be (l/(-16))/(3/(-12)). Suppose -b*m - 65 = -8*m. Is m composite?
True
Let d(f) = 213*f**2 + 14*f + 20 + 13*f - 25*f. Is d(-3) prime?
True
Let b(w) = w**3 - w + 203. Is b(0) a prime number?
False
Suppose v = -z - 0*v, 3*z = 2*v + 20. Suppose z*h = 40 + 188. Let s = h + 242. Is s a composite number?
True
Suppose 3*y - 3*k + 8 = 32, 2*y = -2*k + 8. Let f(t) = 6*t**2 - 7*t + 4 + 0*t**2 + 0*t**2. Is f(y) a composite number?
True
Suppose -15*y = -11*y. Suppose -2*w + 5*w - 3567 = y. Is w prime?
False
Let y be -2*762/4 + 0. Let o be (-998)/4 - ((-9)/2 - -5). Let s = o - y. Is s a prime number?
True
Suppose f + 12 - 157 = 0. Let x = 527 - f. Is x a composite number?
True
Let x = 1586 - -617. Is x prime?
True
Let l(j) = -2*j**2 - 42*j - 5. Let q(s) = 2*s**2 + 41*s + 6. Let g(n) = 2*l(n) + 3*q(n). Is g(-21) prime?
True
Let s(g) = -g**3 + 5*g**2 - 6*g - 3. Let k be s(-7). Let w = 936 + k. Is w prime?
False
Let r = -30 + 31. Suppose i + 0*i = -r, 2*i = 2*l - 1296. Is l a composite number?
False
Let a = 2410 - 1719. Is a a composite number?
False
Let c(q) = 15*q - 11. Let k be c(6). Suppose -12 = a - k. Is a a composite number?
False
Let s(r) = r**2 + 7*r - 3. Let a be s(-8). Suppose 1409 + 259 = 4*d + 4*x, 3*d = -a*x + 1259. Is d prime?
False
Suppose -5*v - 98 = -12*v. Let h(q) = 5*q - 23. Is h(v) a composite number?
False
Let p be 1/(3*3/45). Suppose -3*x - 216 = -b - 638, -p*x = -5*b - 700. Suppose 0 = -u + 38 + x. Is u prime?
True
Is ((-247569)/(-15))/((-27)/(-135)) composite?
True
Let h = -14121 + 28640. Is h a composite number?
False
Let k be (-12)/(-21) - (-53)/(-7). Let s = k + 15. Is s/(-4)*422/(-4) composite?
False
Let f be (13/(-3))/(8/(-696)). Let k be (-1)/(-4) - f/4. Let t = k + 357. Is t a prime number?
True
Suppose 0 = 5*x + 2*o - 23, 4*x + 5*o - 5 = 2*x. Suppose -x*y - 5*w - 11 = 49, 2*y = w - 27. Is y/(-2*1/22) a prime number?
False
Let z(d) = -d**3 + d**2 + 3*d - 5. Let o be z(2). Is -4*1 - -3 - 1062/o prime?
True
Let z(d) be the third derivative of 31*d**4/24 - d**3/6 - 5*d**2. Let y be z(1). Let n = y + -5. Is n composite?
True
Let c be 10/(-75) - (4646/30 + -1). Let d = 345 + c. Is d prime?
True
Suppose 2*o - 70 = 3*o. Let y = 30 + o. Let f = y + 77. Is f a composite number?
False
Suppose -n - 286176 = -5*y, 5*y + 3*n = 189101 + 97071. Is y a prime number?
False
Let u = 7 - 5. Let z(g) = 2*g**3 - 4*g**2 + 8*g - 11. Let p be z(4). Suppose u*j = p + 553. Is j a prime number?
False
Suppose -24*m + 132001 + 572471 = 0. Is m prime?
False
Let h = 955 - 578. Suppose 4*b + 4*c - h = 515, -2*b = -c - 446. Is b a prime number?
True
Let f(z) = -1127*z - 16. Is f(-3) a prime number?
False
Suppose 0 = 2*m - m - 4. Let f be 22/m + (-12)/24. Suppose -k = -f*k + 508. Is k composite?
False
Suppose -47*v + 124434 = -29*v. Is v a prime number?
False
Let f be -1 + -2*2*(-4)/16. Let b(g) = -8*g**3 + 11*g**2 + 14*g - 472. Let h(v) = 3*v**3 - 4*v**2 - 5*v + 157. Let o(s) = -4*b(s) - 11*h(s). Is o(f) composite?
True
Let j(p) = 7*p**2 - p - 3. Let r be -8 - 0 - (-36)/(-9). Let u be 1/((-9)/r + -1). Is j(u) a composite number?
False
Suppose -4*w = 16, -4*k + 0*w = 2*w - 228. Is k a composite number?
False
Suppose u = -2*u + v + 23597, 15738 = 2*u + v. Is u composite?
False
Let b(h) = -h**3 - 2*h**2 - 2*h - 1. Let t be b(-1). Suppose 3*n - s + 6*s - 1573 = t, 0 = 3*s - 6. Let d = n - 310. Is d a prime number?
True
Let k(o) = o + 2. Let s be k(10). Suppose -1670 = s*f - 17*f. Suppose f = 5*p - 2871. Is p a prime number?
True
Suppose 8*j = -2*j. Suppose 2157 = d - u, 3*d = -j*d + 2*u + 6467. Is d composite?
False
Let f be 75552/9 + 6/(-9). Suppose -9146 = -5*u + f. Suppose u = 12*h - 8*h. Is h a prime number?
True
Suppose